ppose o = -4*o + v. What is the greatest common factor of o and 55?
11
Let h = -4376 - -4373. Let t(z) = -14*z - 49. Let a(u) = 7*u + 25. Let p(k) = 9*a(k) + 4*t(k). Let b be p(h). Calculate the greatest common divisor of b and 2.
2
Suppose 28*s - 41 - 99 = 0. Suppose 5*h - 210 = s*o + 40, 0 = -2*o. What is the greatest common divisor of h and 275?
25
Suppose 0 = r - 4*n + 388, 21*n - 20*n = -3*r - 1216. Let m = -374 - r. What is the greatest common factor of m and 66?
6
Let z = -744 - -733. Let o be 2/z - (-3984)/132 - -5. Calculate the highest common factor of o and 245.
35
Let z be ((-5)/(-10))/(2/1260). Let d(g) = 41*g + 45. Let l be d(0). What is the greatest common divisor of l and z?
45
Let c(h) = 3*h**3 - 22*h**2 + 26*h - 8. Let z be c(6). Suppose 7*u = -n + 3*u + 22, -36 = -4*n - 3*u. Calculate the greatest common divisor of z and n.
2
Let f = 0 + 25. Suppose -f*u - 35 = -30*u. Suppose 20 = l - u. Calculate the greatest common factor of 54 and l.
27
Suppose -1731 - 1839 = -15*d. Calculate the greatest common factor of 42 and d.
14
Suppose 3*k + k = -20, 5*v + 3*k = 705. Let t = 69 + -57. Suppose t*s = 409 + 23. Calculate the greatest common factor of v and s.
36
Suppose a = 4*h + 87, 14*a - h + 52 = 15*a. Calculate the highest common divisor of 14809 and a.
59
Suppose 23888 + 10458 = 47*o + 9295. What is the highest common factor of 164 and o?
41
Let r(u) = -626*u + 5694. Let j be r(9). Let o(z) be the second derivative of 5*z**4/6 + z. Let y be o(3). What is the greatest common divisor of j and y?
30
Let p(v) = 3*v + 40. Let j be p(-12). Let k be (2/j)/(8/(-48)). Let m be (-23 - (-1 - (1 + k)))/(-1). What is the highest common factor of m and 60?
12
Let r be 4*((-171)/(-12) - 3). Suppose -4*t + 122 = v, 232 = 459*t - 451*t - 4*v. Calculate the greatest common factor of t and r.
15
Let z(q) = -165*q - 260. Let d be z(-5). Let t = 655 - d. What is the highest common divisor of t and 330?
30
Let o be (-60)/105 - (1075/(-7) - -1). Suppose o + 40 = 3*z. What is the greatest common divisor of z and 4?
4
Suppose 6*z - 93*z + 8100 = 3*z. Calculate the greatest common factor of z and 4635.
45
Let z(i) = 66*i**2 + 40*i - 36. Let p be z(-3). What is the greatest common divisor of 8 and p?
2
Let z(c) = c**3 - 84*c**2 + 46*c - 631. Let p be z(85). What is the highest common factor of p and 104?
104
Let r = 13621 + -13551. What is the highest common factor of r and 4660?
10
Suppose 10*x - 548 = 9*x. Let q = 556 - x. What is the greatest common divisor of q and 26?
2
Suppose 2*v + 5*p = 10009, -440*p = v - 435*p - 4992. Calculate the highest common divisor of v and 29.
29
Suppose 0 = 11*j - 5*r - 99725, 2*j + r - 17881 = 247. Calculate the greatest common factor of 740 and j.
185
Suppose -17*q + 10*q = -11*q + 10920. What is the greatest common factor of 7 and q?
7
Suppose -4*z + 2*x + 6489 = -2803, 2*z = 4*x + 4664. Calculate the highest common divisor of 5 and z.
5
Let q = -18991 - -18995. Suppose -4*w = -7*l + 3*l - 8, 0 = -4*w - l + 28. Let p be (30/5)/(w/16). Calculate the highest common divisor of q and p.
4
Let j = -17096 + 19148. What is the highest common divisor of j and 20?
4
Let c(a) = 32*a - 46. Let v be c(-8). Let k = v + 315. Calculate the greatest common factor of 143 and k.
13
Suppose -27*t - 7*t + 5394 = -5*t. What is the greatest common divisor of 1240 and t?
62
Suppose j - 4*p - 29 = 0, -j + 46*p + 2 = 51*p. What is the highest common divisor of 1139 and j?
17
Let f(g) = 46*g + 13. Let l be f(4). Let k = 368 - l. Calculate the highest common factor of k and 19.
19
Suppose z - v - 2 = 0, z - 3*z + 8 = -4*v. Suppose z*t + t + 3*u - 46 = 0, -u = -t + 50. Calculate the highest common divisor of t and 441.
49
Suppose 3*k - 4*g - 21 = 0, 4*k + g = 2*g + 15. Suppose 0 = 84*a - 87*a - 6, -2*v - 6 = 5*a. Calculate the greatest common divisor of v and k.
1
Let c = 4545 - 4519. What is the greatest common divisor of c and 6994?
26
Let j be 2/9 + (-17498)/(-234). Suppose 13*a - 16*a = -300. What is the greatest common factor of a and j?
25
Suppose -204 = -34*g + 30*g. Suppose -56*v + g*v = -145. Let w be 2 + 0 + 54 - -2. What is the greatest common factor of v and w?
29
Let g = -7723 + 8297. What is the highest common factor of g and 28?
14
Suppose 4*c - 12 = 0, 29*v - 31*v = c - 3. Suppose v = 160*x - 176*x + 7072. Calculate the highest common divisor of x and 52.
26
Let w be -8 + (-25709)/(-94) + (-2)/(-4). What is the highest common divisor of w and 2527?
133
Suppose -348 - 3537 = -21*n. Calculate the greatest common divisor of 407 and n.
37
Suppose 31160 = -a + 42*a. What is the highest common divisor of 70 and a?
10
Suppose 537 = 84*i - 1983. Let n(j) = 6*j**2 + 6*j + 3. Let a be n(-4). What is the greatest common divisor of i and a?
15
Suppose 2*r = 5*w + 16, -r + 4*r + w = 24. Suppose 5*c = -5, 3*c - r + 43 = 4*s. Calculate the highest common divisor of 22 and s.
2
Suppose -11*p + 2*f = -6*p - 515, -p - 2*f + 115 = 0. What is the greatest common divisor of 665 and p?
35
Let f be 550/45 + 8/(-36). Let z be -36*((-32)/12)/4. Calculate the greatest common factor of z and f.
12
Suppose 0 = 2*d - 878 + 156. Suppose 4*k + 4*l - 796 = 0, -4*l - 19 = -2*k + d. What is the highest common divisor of 147 and k?
49
Let n(h) = h**3 - 6*h**2 - 7*h + 9. Let j = 13 - 7. Let x be n(j). Let s = -24 - x. What is the greatest common divisor of s and 9?
9
Let k(w) = -64*w + 2. Let p be k(-1). Suppose 6*z + 0*z = p. Suppose 13*y - 28 = z*y. Calculate the highest common factor of y and 14.
14
Suppose 3*p = -5*q - 0*q + 52, 0 = -q + 4*p + 15. Suppose -4*y = -24, 4*y + 207 = -62*k + 65*k. Calculate the highest common factor of q and k.
11
Let d(o) be the first derivative of -7*o**4/2 - 2*o**3/3 - 9*o**2/2 - 12*o - 7. Let i be d(-2). What is the highest common factor of 154 and i?
22
Suppose -4*w + 4*d + d - 17 = 0, 4*w = 2*d - 2. Suppose 4*r + 14 = -y, 3*y + 0*r - 28 = w*r. Let v = 175 - 145. What is the highest common factor of y and v?
6
Suppose 192 = 3*p + 3*z, 2*p + 5*z = -p + 190. Suppose 3*d - 5*c = 327, 4*d + 2*c + 166 - 576 = 0. What is the highest common divisor of d and p?
13
Suppose 8*q - 220 = 28*q. Let r be q*(-1 - 5)/6. Calculate the highest common divisor of 143 and r.
11
Let p be ((-85)/15 - 1)/(1 + 77/(-42)). What is the highest common divisor of p and 2092?
4
Let l(k) = -k - 9. Let h be l(-8). Let q be h/(-9) + -88*(-5)/90. What is the greatest common factor of q and 40?
5
Let j be ((-234)/(-4))/(-3)*40/30. Let u = 41 + j. Suppose n - 3*f = -4*f + u, 0 = -5*n + 4*f + 30. What is the highest common factor of 30 and n?
10
Let y(n) = 30*n**2 - 22*n - 135. Let b be y(-11). Calculate the highest common factor of b and 303.
101
Let i = 4601 - 1169. Calculate the highest common divisor of i and 78.
78
Suppose -6*j = 4*n - 4102, 4*n - 4126 = -24*j + 26*j. What is the highest common factor of 10 and n?
10
Let x be (-3)/(-4)*(-432)/(-1782) - 2172/(-33). Suppose -4*k = k + 20, 0 = 3*v + 4*k - 314. What is the greatest common factor of v and x?
22
Let j be (-4)/(-10) - 42444/45*17. Let b be 12/162 + j/(-54). Calculate the greatest common factor of b and 11.
11
Suppose -77*g + 73*g + 312 = 0. Let h = g + -74. Calculate the highest common divisor of 1 and h.
1
Let p(w) = 1 - 8*w + 11*w - 10*w. Let i be p(-3). Let s be 150 - (-7 - (1 + -4)). What is the greatest common divisor of i and s?
22
Suppose -d - 570 = 4*g - 2386, -2*d = -5*g + 2283. Calculate the highest common divisor of g and 819.
91
Suppose 18 = -0*x + 3*x. Suppose 3*i = 5*j + 1081, -4*i + 5*i + 657 = -3*j. Let u = j - -242. What is the highest common factor of x and u?
6
Suppose -12*o + 34473 + 2940 = -171. What is the greatest common divisor of 116 and o?
116
Let l be (-18)/(-21) + -1 - 87/(-21). Let g be (3/(-9))/((-1012)/252 + l). Calculate the greatest common divisor of 63 and g.
21
Suppose 2*c + 1 = 21. Suppose 25*a - 14252 = -2752. What is the greatest common factor of c and a?
10
Let t be (-3)/(-11) - (-226872)/3036. Calculate the greatest common divisor of 1215 and t.
15
Let y(m) = -6*m**3 - 3*m**2 - 2*m + 2. Let r be y(-2). Suppose -9*t + 770 = -20*t. Let b = t + 76. What is the highest common factor of r and b?
6
Suppose -4*w + 426 = -2*f, -9*w + 5*w = -4*f - 420. Suppose -w*r 